Let g = -18 + 87. What is the remainder when g is divided by 25?
19
Suppose -1463*v - 38 = -1465*v. What is the remainder when 38 is divided by v?
0
Calculate the remainder when (6 - (-45)/(-9)) + 201 is divided by 16.
10
Let h be 1 + 2 - (4 - 3). Suppose -h*v = 3*v - 10. Calculate the remainder when 23 is divided by -1 + v/1 - -12.
10
Let k be 1/(((-1)/((-2)/(-3)))/9). Calculate the remainder when (1 - -70) + (-3 - (3 + k)) is divided by 19.
14
Suppose -2*f = -0*f - 34. Let p = 188 + -167. What is the remainder when (-1 - -23)*-2*p/(-28) is divided by f?
16
Let p(j) = -j + 29. Calculate the remainder when 68 is divided by p(7).
2
Let y = 724 + -680. Calculate the remainder when y is divided by ((-18)/5)/((-3)/20).
20
Let q(z) = -55*z**3 - z**2 + 6*z + 7. What is the remainder when q(-1) is divided by 9?
1
Suppose 11*h - 155 = 1649. Let v(f) = 42*f. What is the remainder when h is divided by v(1)?
38
Let p(v) be the third derivative of -v**4/2 - v**3/2 - 2*v**2. Let m = 89 + -58. What is the remainder when m is divided by p(-1)?
4
Calculate the remainder when 52 is divided by 7 - 120/(-90)*(1 - -2).
8
Suppose -12 = w - 5*w. Suppose 0 = -4*a + k - 4*k + 275, 3*a - 219 = 2*k. Suppose 26 = -5*j + a. What is the remainder when j is divided by w?
0
Let d(h) = 4*h + 31. Calculate the remainder when 48 is divided by d(-3).
10
Calculate the remainder when (-2)/(-32) - (-163827)/1744 is divided by 6.
4
Let y(v) = -v**2 + 8*v + 13. Let s be y(9). Suppose 31*n = 29*n + s. Let u = 17 - n. What is the remainder when 27 is divided by u?
12
Let z(a) = -a + 30. Suppose -w = -3*w. Calculate the remainder when z(w) is divided by 2/(8/60) - 4.
8
Suppose 2*o + o = 4*l + 283, o + l - 99 = 0. Let k = -69 + o. Suppose -j + 10 = w + 2, 4*w + 5*j = k. Calculate the remainder when 34 is divided by w.
10
Let j = 5 + 0. Suppose k + 3 = 0, 5*k - 39 = -j*d + 266. Let v = -32 - -45. Calculate the remainder when d is divided by v.
12
Let l = 103 + -58. What is the remainder when l is divided by 380/24 + (-2)/(-12)?
13
Let h = 1882 - 1850. Let o = -39 - -60. Let c = o + -4. Calculate the remainder when h is divided by c.
15
Suppose p = h - 145, 3*p + 15 = h - 130. Calculate the remainder when h is divided by 49.
47
Suppose -25 = 2*o - 83. Let z = o + -3. What is the remainder when z is divided by (24/3 + -3)*3?
11
Let r be 11*6 + 2 + 3. Let y = 84 - r. What is the remainder when 32 is divided by y?
6
Suppose -189 = -4*r - 3*r. Calculate the remainder when r is divided by (1 + 4/1)*3.
12
Let l(s) = s**3 + 9*s**2 + 8*s + 8. Let q(h) = h**3 + 26*h**2 + 31. What is the remainder when q(-26) is divided by l(-8)?
7
Let l = -83 - -102. Calculate the remainder when 68 is divided by l.
11
Let x be (-2 + 45)/(3/(-6)*-2). Let b = x - -25. What is the remainder when b is divided by 14?
12
Let p be (0/1)/(7/(7/(-2))). Let f(y) = -y**3 - 3*y**2 - y + 45. What is the remainder when f(p) is divided by 16?
13
Let r be 47 + (-16)/(7 + -3). Suppose -11*k + 45 + r = 0. Calculate the remainder when 31 is divided by k.
7
Let b be -27*(-1 - -2 - 2). Let q = -10 + b. What is the remainder when 65 is divided by q?
14
Let h(w) = 8*w**2. Suppose -5*d + 65 = -0*d. Let v = -8 + d. Calculate the remainder when h(-1) is divided by v.
3
Suppose 4 - 12 = -4*m. Let i be (8/(-14))/(8/(-28)). Suppose 1 = 2*q + m*k - 19, -k - 11 = -i*q. What is the remainder when 19 is divided by q?
5
Let n = 254 + -234. What is the remainder when 23 is divided by n?
3
Let i = 841 + -834. Calculate the remainder when 121 is divided by i.
2
Suppose 2*x + 2*b = 7*b - 29, -4*b = 4*x + 100. Let l = 5 - x. What is the remainder when 53 is divided by l?
26
Suppose -w = 4*f - 28, 4*w + 4*f - 4 = 6*w. Let t = w + 15. Calculate the remainder when 111 is divided by t.
19
Suppose 3*d = o + 180, -82 = -d - 5*o - 6. What is the remainder when d is divided by 17?
10
Let k(i) = -3*i**3 + 2*i**2 + 13*i - 15. Calculate the remainder when k(-5) is divided by 22.
15
Suppose -22*w + 48*w - 624 = 0. What is the remainder when 73 is divided by w?
1
Suppose y - 4 = 0, 5*r - 79 = 2*y - 3*y. Suppose -5*t + 30 + r = 0. Calculate the remainder when (-5)/((-10)/92) - (0 - -3) is divided by t.
7
What is the remainder when (6/8)/((-1)/(-64)) is divided by 20?
8
Suppose -9*q - 6 = -6*q. What is the remainder when ((-2320)/(-50))/(q/(-5)) is divided by 9?
8
Let n be (-3 - 3)*10/(-4). What is the remainder when 83 is divided by (-59)/(-3) - (-20)/n?
20
What is the remainder when 213/(-71) - (-2 - (422 - -1)) is divided by 53?
51
Suppose w = -x + 2 + 7, 4*x - 3*w = 50. Calculate the remainder when 49 is divided by x.
5
Let d = 82 - 38. Calculate the remainder when 84 is divided by d.
40
Suppose -3*u = -2*r + 397, 34*r - 4*u + 215 = 35*r. What is the remainder when r is divided by 34?
33
Let i = -892 + 925. Calculate the remainder when 856 is divided by i.
31
Let c = 267 + -262. What is the remainder when 19 is divided by c?
4
Suppose 2*z - 18 = 4. Suppose -23*k = -19*k - 120. What is the remainder when k is divided by z?
8
Suppose -858 = -34*m + 23*m. Calculate the remainder when 146 is divided by m.
68
Suppose 453*s + 25 = 458*s. What is the remainder when 114 is divided by s?
4
Suppose -o = -3*o + 46. Suppose -4 = i - o. Calculate the remainder when 10/3*(-63)/(-6) is divided by i.
16
Suppose 0 = 3*l + 4*r + 327, 3*l + 432 = -l - 4*r. Let w = -93 - l. Calculate the remainder when 19 is divided by w.
7
Suppose -2*r - 966 = -71*r. What is the remainder when r is divided by 5/1 + (-2)/1?
2
Calculate the remainder when 434 + 2 + -3 + -3 is divided by 16.
14
Let t = 508 - 474. Suppose -v + 4 = v, 3*v = 5*c - 19. Suppose -i + 139 = c. Calculate the remainder when i is divided by t.
32
Suppose 6*l - 3*l = 153. Suppose l = 3*o - 27. What is the remainder when o is divided by (-2 - -3) + 16*7/14?
8
Let r = 13 + -9. Suppose 7*w - 25 = 2*w. Suppose -3*q + 3 = g + 5, -3*g = w*q - 10. What is the remainder when g is divided by r?
2
Let p(w) = 2*w**2 - 6*w + 5. Let f be p(3). Suppose -f*d + 35 = -5. Calculate the remainder when 38 is divided by d.
6
Calculate the remainder when (-331*1)/((-171)/(-18) + -10) is divided by 17.
16
Calculate the remainder when 587 is divided by 354/(-15)*95/(-38).
56
Let h(z) = -z**3 + 16*z**2 - 13*z - 23. Let x = 80 + -65. What is the remainder when 2*1/(2/12) is divided by h(x)?
5
Calculate the remainder when (-1005)/10*(-4 - (-32)/12) is divided by 68.
66
Let i = 23 + -8. Suppose 1 = -u + r, -4*u - 2*r = -4*r - 4. What is the remainder when i is divided by (-13)/(-2) - u/(-2)?
7
Let j = 659 - 564. Calculate the remainder when j is divided by 17.
10
Let l(d) = 2*d + 17. Let z be l(-10). Let u = z + 27. Calculate the remainder when u is divided by 13.
11
Let c = -19 + 45. Let l be -6*7*4/(-4). Suppose 16*i = 10*i + l. What is the remainder when c is divided by i?
5
Suppose 3*d + 5*h + 1 = 11, h = 3*d - 16. Suppose o - 5*y - 1 = -o, d*o - 5*y - 40 = 0. Calculate the remainder when 63 is divided by o.
11
Let n(l) = l**2 + 7*l - 13. Let g be n(-7). Let b = 45 + g. Calculate the remainder when b is divided by 11.
10
Let q(s) = s**2 - 2*s - 5. Let h be q(-2). Let t = h - 2. Calculate the remainder when 3 is divided by t.
0
Let n(r) be the third derivative of r**4/24 + 4*r**2 - 4. Suppose 4*t + 0*t = 20. Calculate the remainder when 9 is divided by n(t).
4
What is the remainder when (-3175)/15*(-33)/55 is divided by 21?
1
Let s = 173 - 143. What is the remainder when s is divided by 16?
14
Calculate the remainder when 74 is divided by 1/(-1 + 130/125).
24
Let c = -3 - -78. What is the remainder when c is divided by 16?
11
Calculate the remainder when 479 is divided by 6/(-2) + 23/((-161)/(-126)).
14
Suppose 3*q + q + 1867 = 5*n, 3*q + 9 = 0. Calculate the remainder when n is divided by 93.
92
Let v(c) = 6*c**2 - 14*c + 90. What is the remainder when v(6) is divided by 28?
26
Suppose -3*q - 9 = 0, 0*t + 3*t + q = 0. Let c(s) = 71*s**2 - 4*s + 3. What is the remainder when c(t) is divided by 6?
4
Let w(m) = 2*m**3 - 9*m**2 + 4*m - 8. Calculate the remainder when w(5) is divided by ((-16)/6)/((-1)/3).
5
Let g be (-2382)/(-30) - 2/5. Let j = g - 55. What is the remainder when 70 is divided by j?
22
Let l = 947 - 514. Calculate the remainder when l 